 p(-7)?
-6
Let n(p) = -p**2 + 2*p + 2. Give n(-2).
-6
Let f(d) = -d**2 - 5*d + 1. Calculate f(-7).
-13
Let z(c) = -c**3 + 5*c**2 - 6*c + 3. Calculate z(2).
3
Let z(y) = -y**2 + 9*y + 14. Determine z(10).
4
Let o(q) = q**3 + 8*q**2 + 5*q + 25. Determine o(-8).
-15
Let v(j) = -j - 33. What is v(-25)?
-8
Let d(g) = 3*g. Calculate d(-2).
-6
Let z(s) = -s**3 + 14*s**2 - 11*s - 15. Determine z(13).
11
Let w(u) = u**2 - 2*u - 6. What is w(0)?
-6
Let y(p) = -2*p**2 - 24*p - 12. What is y(-11)?
10
Let u(d) = d**2 - 5*d - 9. Calculate u(10).
41
Let p(f) = f**2 - 24*f + 69. Give p(21).
6
Let f(g) = -g**2 + 2*g + 5. Calculate f(0).
5
Let m(z) = -z**3 + z**2 + z + 2. Calculate m(2).
0
Let d(p) = 2*p**2 + 3*p - 5. Determine d(2).
9
Let z(c) = -7*c**3 + 5*c**2 - 4*c. Give z(2).
-44
Let m(y) = -y**3 - 7*y**2 - 10*y - 6. Give m(-6).
18
Let h(g) = g**3 - 3*g**2 + 4*g + 2. Calculate h(4).
34
Let y(g) = g**3 - 5*g**2 - 3*g - 9. What is y(6)?
9
Let a(q) = 13*q + 2. Calculate a(-2).
-24
Let b(i) = -2*i**3 + 2*i**2 + 6*i + 9. What is b(4)?
-63
Let r(a) = -a**2 - 7*a - 4. Calculate r(-6).
2
Let s(o) = o**3 + 12*o**2 + 11*o - 3. Determine s(-11).
-3
Let o(n) = -9*n + 1. Calculate o(1).
-8
Let o(v) = 8*v. Give o(2).
16
Let c(z) = -2*z + 16. Give c(-17).
50
Let y(z) = -3*z**2 - 9*z - 5. Give y(-4).
-17
Let d(j) = -j**2 - j + 2. Determine d(1).
0
Let c(i) = -i**2 + 7*i + 7. What is c(6)?
13
Let w(a) = -4*a**3 + a**2 + a - 2. What is w(2)?
-28
Let k(t) = -2*t**2 + 5*t - 3. What is k(3)?
-6
Let b(u) = u**2 - 64*u + 408. Determine b(7).
9
Let y(w) = w**3 - 15*w**2 - 21*w + 82. Calculate y(16).
2
Let p(i) = i**3 + 3*i**2 - 11*i - 7. What is p(-5)?
-2
Let m(j) = 35*j + 181. Calculate m(-5).
6
Let z(g) = -g**3 + 9*g**2 + 7*g + 10. Determine z(10).
-20
Let p(r) = -r**3 + 16*r**2 - 14*r - 20. What is p(15)?
-5
Let z(j) = -83*j**3 + j**2 + 2*j + 1. Determine z(-1).
83
Let a(o) = o + 17. Calculate a(8).
25
Let d(u) = -3*u + 3. What is d(-4)?
15
Let g(y) = -y + 1. Determine g(13).
-12
Let t(b) = -b**3 - 7*b**2 - 14*b - 37. Give t(-4).
-29
Let z(i) = i**3 - 5*i**2 - i + 9. Calculate z(5).
4
Let x(r) = r**3 + 17*r**2 + 2*r - 8. Calculate x(-17).
-42
Let d(m) = m**2 + 11*m - 10. Give d(-8).
-34
Let f(l) = 5*l**3 - l**2 + 2*l - 2. What is f(3)?
130
Let a(b) = -6*b - 50. Calculate a(-10).
10
Let a(c) = 9*c + 46. Determine a(-6).
-8
Let k(p) = p**3 - 23*p**2 + 7. What is k(23)?
7
Let d(t) = 4*t**2 + 2*t. Determine d(2).
20
Let z(f) = -3*f**3 + f**2 + 3*f - 7. Calculate z(2).
-21
Let s(o) = -o**3 - 37*o**2 - 36*o - 54. Determine s(-36).
-54
Let z(s) = -s**3 - s + 5. Give z(0).
5
Let a(s) = 4*s + 4. What is a(11)?
48
Let k(t) = t**3 + 10*t**2 - t - 13. Determine k(-10).
-3
Let b(l) = l**2 - 9*l - 18. Give b(-2).
4
Let c(k) = -5*k + 1. What is c(-6)?
31
Let t(s) = s**3 - s + 4. Determine t(-2).
-2
Let v(y) = 2*y**2 + 15*y + 27. Calculate v(-5).
2
Let p(c) = 4*c - 75. Give p(20).
5
Let p(q) = -2*q - 36. Give p(-11).
-14
Let v(y) = -11*y - 88. Give v(-12).
44
Let i(q) = -q + 18. What is i(23)?
-5
Let m(h) = -h + 10. Determine m(-3).
13
Let a(g) = -g**3 + 7*g**2 - 5*g + 9. Determine a(6).
15
Let f(o) = -o**3 + 5*o**2 + 5*o + 1. What is f(6)?
-5
Let u(m) = m**3 - 4*m**2 - 8*m + 18. Determine u(7).
109
Let t(i) = -17*i**2 + 5*i + 3. Calculate t(-1).
-19
Let r(x) = 2*x**3 - 22*x**2 + 21*x - 7. Calculate r(10).
3
Let z(c) = c + 7. Calculate z(-5).
2
Let v(f) = -38*f - 406. Calculate v(-11).
12
Let v(y) = -y**3 - 4*y**2 + 34*y - 4. Determine v(4).
4
Let k(g) = -g**3 + 4*g**2 + 6. Give k(6).
-66
Let t(u) = 10*u + 18. Give t(-3).
-12
Let u(o) = -4*o**3 - 3*o**2 - o - 2. Give u(-2).
20
Let z(a) = -a**2 + 19*a - 62. Give z(4).
-2
Let u(f) = -f**3 - 7*f**2 + 10*f + 18. Calculate u(-8).
2
Let b(a) = -a**3 + 11*a**2 - 19*a + 10. What is b(9)?
1
Let w(v) = -2*v - 6. Calculate w(-5).
4
Let x(u) = -u**3 + 11*u**2 - 24*u. Give x(7).
28
Let m(v) = -7*v + 19. What is m(5)?
-16
Let c(y) = -4*y + 12. Determine c(-5).
32
Let h(f) = 32*f - 273. What is h(9)?
15
Let x(v) = -v**2 - 8*v - 15. What is x(-11)?
-48
Let t(h) = 2*h**3 - 5*h**2 + 3*h. Determine t(3).
18
Let n(o) = -o**2 - 14*o - 1. What is n(-10)?
39
Let h(b) = b**3 - 6*b**2 + 10*b - 6. Calculate h(6).
54
Let n(i) = -2*i**2 - 4*i - 1. What is n(-3)?
-7
Let l(v) = -v**3 + 3*v**2 - v - 3. Determine l(-2).
19
Let i(u) = -u**2 - 11*u + 12. Give i(-12).
0
Let q(r) = -21*r**2 + r - 1. Determine q(1).
-21
Let o(k) = -2*k**3 + 26*k**2 - 25*k + 6. Calculate o(12).
-6
Let d(q) = 3*q**2 - 12*q + 10. Give d(1).
1
Let v(b) = 10*b**2 + 4*b - 4. Give v(1).
10
Let i(s) = s - 1. What is i(4)?
3
Let r(b) = -b**3 + 8*b**2 + 10*b - 67. What is r(8)?
13
Let p(s) = -s**3 + 6*s**2 - 9*s + 20. Calculate p(3).
20
Let t(n) = 53*n**2 - 2*n - 1. Give t(-1).
54
Let d(g) = -17*g - 2. What is d(-11)?
185
Let b(t) = -t - 2. Give b(8).
-10
Let j(u) = -2*u - 11. What is j(-11)?
11
Let n(q) = q**3 + 5*q**2 - 13*q + 3. Give n(-7).
-4
Let z(g) = -g**3 + 5*g**2 + 4*g - 11. What is z(5)?
9
Let m(h) = h**2 + h - 21. Give m(5).
9
Let z(j) = -j**3 - j**2 - 2*j + 11. Calculate z(0).
11
Let q(y) = -y**3 - 33*y**2 - 2*y - 88. Give q(-33).
-22
Let z(s) = -s**3 + 10*s**2 - 23*s - 9. Calculate z(6).
-3
Let b(y) = y**3 + 5*y**2 + 15*y + 125. Determine b(-6).
-1
Let i(k) = k**2 - 14*k + 24. What is i(8)?
-24
Let s(c) = -2*c**3 + 9*c + 4. Calculate s(3).
-23
Let k(b) = b**2 - 7*b - 6. What is k(-1)?
2
Let l(j) = -j**2 - 18*j + 7. Give l(-6).
79
Let h(w) = -24*w**3 + 4*w**2 + 5*w - 1. Calculate h(-1).
22
Let b(z) = 91*z**3 + 2*z**2 + z - 2. What is b(1)?
92
Let k(u) = -u**2 - 6*u - 5. Calculate k(-5).
0
Let u(t) = -3*t**2 + 41*t - 34. Give u(13).
-8
Let g(r) = -r - 1. What is g(0)?
-1
Let u(l) = 12*l + 23. Calculate u(5).
83
Let l(k) = -k - 2. Determine l(-2).
0
Let v(i) = -i + 68. Give v(-7).
75
Let l(d) = -d**3 + 9*d**2 - 5*d - 37. What is l(8)?
-13
Let a(i) = i**2 - 10*i - 2. What is a(8)?
-18
Let q(n) = -6*n - 153. Calculate q(-26).
3
Let n(d) = 2*d**2 - 35*d - 17. Determine n(18).
1
Let g(t) = -t**2 + 11*t + 39. Give g(16).
-41
Let u(t) = 2*t**2 + 15*t + 1. Calculate u(-7).
-6
Let c(y) = 8*y**2 + 9*y - 7. Calculate c(-2).
7
Let q(l) = 5*l - 5. Calculate q(8).
35
Let b(t) = 3*t**2 - t - 15. Give b(6).
87
Let t(o) = -o**2 + 11*o + 17. Calculate t(12).
5
Let h(l) = -21*l**3 + l**2 - l - 2. What is h(-1)?
21
Let t(b) = 4*b + 8. Give t(-6).
-16
Let r(k) = 2*k. Give r(-2).
-4
Let h(t) = -2*t - 33. Give h(-17).
1
Let g(u) = 3*u - 33. What is g(12)?
3
Let b(n) = n**2 - 51*n + 338. What is b(8)?
-6
Let h(m) = -5*m**3 + m**2 + m - 1. Determine h(1).
-4
Let l(v) = v**2 - 18*v + 65. Give l(14).
9
Let z(r) = -r**3 - 13*r**2 + 17. What is z(-13)?
17
Let j(v) = -v**2 - 20*v + 26. Calculate j(-20).
26
Let s(t) = 2*t**2 + 1. Determine s(1).
3
Let f(w) = w - 11. What is f(14)?
3
Let m(o) = 5*o + 8. What is m(-4)?
-12
Let n(h) = -3*h**2 + 192*h - 4. What is n(64)?
-4
Let n(v) = v**3 - 11*v**2 + 8*v + 11. Give n(8).
-117
Let h(w) = 4*w - 6. What is h(0)?
-6
Let s(h) = -h - 23. Determine s(-22).
-1
Let t(r) = -r**3 - 2*r**2 - 2*r - 20. What is t(-3)?
-5
Let r(u) = u**3 + 5*u**2 + u - 2. Determine r(-4).
10
Let g(q) = -q - 6. Determine g(6).
-12
Let c(v) = -2*v + 13. Determine c(22).
-31
Let x(j) = j**3 - 22*j**2 + 42*j - 2. Determine x(20).
38
Let y(t) = -t**3 + 12*t**2 - 24*t - 32. Determine y(9).
-5
Let q(c) = c**2 - c - 63. What is q(0)?
-63
Let b(x) = -x**3 - 5*x**2 - 4*x + 7. What is b(-5)?
27
Let j(t) = -t**3 - 2*t**2 + 8*t + 17. Give j(-3).
2
Let k(y) = -y**3 - 10*y**2 - 9*y + 3. Calculate k(-9).
3
Let x(r) = 3*r**2 - 9*r - 7. Calculate x(-7).
203
Let h(l) = l + 1. Give h(-5).
-4
Let d(c) = 16*c. Determine d(-1).
-16
Let i(f) = -f**2 + 15*f - 42. Give i(11).
2
Let h(k) = 38*k + 836. Determine h(-22).
0
Let f(a) = -a**3 + 9*a**2 - 16*a + 16. What is f(7)?
2
Let l(b) = 3*b**2 - 2. What is l(-2)?
10
Let u(g) = 12*g**3 + 2*g**2 + g - 2. Determine u(-1).
-13
Let d(f) = -f**3 - 28*f**2 + 31*f + 64. Calculate d(-29).
6
Let o(c) = 3*c**2 - 10*c - 4. Determine o(3).
-7
Let k(y) = -y**2 - 12*y - 32. Calculate k(-10).
-12
Let x(m) = m**2 + 6*m + 4. Determine x(-7).
11
Let x(d) = -3*d + 50. Calculate x(18).
-4
Let v(x) = -32*x + 135. Determine v(4).
7
Let u(y) = -36*y - 72. What is u(-2)?
0
Let t(f) = -4*f + 67. Calculate t